5*k - 7197*d + 590. What are the prime factors of k?
113
Suppose 0 = 15*i - 12414 - 54291. Suppose 35*a + i - 45852 = 0. List the prime factors of a.
7, 13
Suppose 5 + 21 = -p. Let v = p + 29. Suppose 5*b = -v*j - 0*b + 334, -j - 2*b + 111 = 0. What are the prime factors of j?
113
Let s(q) = 5*q**2 + 3*q + 4. Let y be s(5). Suppose -8*v = -11*v + y. What are the prime factors of v?
2, 3
Suppose 2021985 = 66*w + 497979. What are the prime factors of w?
3, 43, 179
Suppose 2408 = 8*n - n. Suppose -n = -c + 3*f, c + 2*f = 6*f + 346. List the prime factors of c.
2, 13
Let v(a) = -4*a**3 - 8*a**2 - 26*a + 18. Let y be v(-6). List the prime factors of ((-504)/(-10))/(60/y).
2, 3, 5, 7
Let d = 23441 + -13640. What are the prime factors of d?
3, 11
Suppose -2*g + 4*h - 182 = 0, -g + 2*g + 94 = h. Let b = 63 - g. Suppose 0 = -2*q + 2*s + b, -2*q - 5*s = -3*q + 76. What are the prime factors of q?
3
Let d = -9908 + 14232. What are the prime factors of d?
2, 23, 47
Suppose r - 707 = -5*i, -5*r - i - 695 = -6*r. List the prime factors of r.
17, 41
Let v(f) = 68*f**3 - f**2 + 2*f - 1. Let o = 16 + 44. Let w = o - 59. What are the prime factors of v(w)?
2, 17
Let d = 17 + -12. Suppose -10*r + d*r + 4*m + 785 = 0, 5*r = -m + 810. Suppose 6*b - 211 = r. What are the prime factors of b?
2, 31
Let n = -35174 + 56161. What are the prime factors of n?
31, 677
Suppose 12*z - 22*z - 230 = 0. List the prime factors of (383 - z) + (-4)/(-1).
2, 5, 41
Let h(z) = -z**3 + 10*z**2 + 11*z - 2. Let j be h(11). Let f be -16*((-21)/j - 3). Let d = f + 220. What are the prime factors of d?
2, 5
Let q(y) = 586*y**2 - 66*y - 486. List the prime factors of q(-7).
2, 5, 19, 151
Let m(t) = -3*t**3 - 2*t**2 + 2*t - 2. Let n be m(-3). Let q = -45 + n. Suppose 0 = -2*f + q*f - 16. What are the prime factors of f?
2
Let w(a) = 2*a**3 - 10*a**2 - 18*a + 29. Suppose -49 = -3*r - 5*f, 3*r - 4*f = 7*r - 52. What are the prime factors of w(r)?
269
List the prime factors of (1 - 45/40)*1072/(24/(-12)).
67
Let g(j) = j**3 + 13*j**2 + 24*j + 13. Let w(c) = 2*c**3 + 25*c**2 + 49*c + 27. Let f(h) = 5*g(h) - 3*w(h). List the prime factors of f(-7).
2, 13
Let t(j) = -104*j + 293. List the prime factors of t(-39).
4349
Suppose 119 = 3*u + 104. Suppose -u*x + 3*x - 2*y + 222 = 0, -x = 2*y - 106. What are the prime factors of x?
2, 29
What are the prime factors of 80788/(-2)*(-3)/6?
19, 1063
Let a(l) = -18*l**3 - 3*l**2 + 2*l + 1. Let h = 317 + -321. List the prime factors of a(h).
1097
Suppose -q - 16 = -5*w, -4*q + 3*w = -w. Suppose -4*t + 3*h = -1903, -12*h - q = -8*h. List the prime factors of t.
5, 19
Suppose 16*n - 30 = 10*n. Suppose -n*u + 4278 = 3*w, 8*w = u + 7*w - 862. What are the prime factors of u?
2, 3, 11, 13
Let m(r) = r**3 + 18*r**2 - 19*r + 27. Suppose 0 = 3*t + 5*t + 136. What are the prime factors of m(t)?
3, 71
Let z(b) = -10*b**3 - 10*b**2 - 22*b - 160. What are the prime factors of z(-15)?
2, 5, 3167
Let u(z) = -z**3 - 7*z**2 - 4*z + 10. Let x be u(-6). List the prime factors of (10 + 192)*(-3)/x.
3, 101
Let s = -1262 + 7558. What are the prime factors of s?
2, 787
Let f(l) = 33*l + 554. What are the prime factors of f(89)?
3491
Suppose -6*c + 7364 = n, -36*n - 22072 = -39*n + 2*c. What are the prime factors of n?
2, 13, 283
Suppose 55273 = 42*r - 269555. List the prime factors of r.
2, 3, 1289
Let h = -19 + 9669. List the prime factors of h.
2, 5, 193
Let b(w) = w**2 + w + 7. Suppose -4*r - r + 15 = -2*q, 3*q = r - 3. Let l be b(r). Let t = 19 + l. List the prime factors of t.
2, 19
Let l(j) = 2*j + 19. Let f be l(-7). Suppose 2*q + 806 + 1047 = 5*x, -x = -f*q - 389. List the prime factors of x.
3, 41
What are the prime factors of (-10705*(-48)/80)/1?
3, 2141
Let i = -10376 + 20718. List the prime factors of i.
2, 5171
Suppose 14*c = 16*c - 8. Suppose 3*w - 3237 = c*k - 7*k, -3*w + 5*k = -3229. Suppose 383 = -5*d + w. List the prime factors of d.
139
Suppose 0 = -12*y + 156730 + 852686. List the prime factors of y.
2, 137, 307
Suppose 4*q - 146 = 5*x, -133 = -5*q - x + 35. Let l = q + -37. List the prime factors of ((-58)/l)/(6/72).
2, 29
Let f = 38 + -19. Let a(t) = 11*t - 325. Let n be a(54). Suppose -f*d - n + 1295 = 0. List the prime factors of d.
2, 3
Let q be 3/(-30) - 7209/(-90). Let t = q + -22. List the prime factors of t.
2, 29
Suppose -4*t - 797 = -5*k, -4*t + 3*k - 876 = -89. Let z be 1/(-2)*(3 + t). Suppose -22 + z = q. List the prime factors of q.
73
Let k(d) = -d**3 + 12*d**2 - 19*d + 2. Let m(h) = h**2 - 2*h - 7. Let b be m(5). Let f be k(b). Suppose -49 - f = -5*v. List the prime factors of v.
31
Let v(c) = -112*c - 625. Let t be v(-6). Let w be (5/3)/((-2)/54). Let k = t + w. What are the prime factors of k?
2
Suppose -9102 = -5*i - 14*v + 11*v, 0 = -4*i + 4*v + 7288. Suppose 928 = -4*o + 5*o - 4*p, -p = -2*o + i. List the prime factors of o.
2, 227
List the prime factors of (-17)/(221/(-129672)) - (-54)/234.
3, 5, 7, 19
Let t = 21699 - 15345. What are the prime factors of t?
2, 3, 353
Let c(g) = 4*g + 11. Let n = 58 + -53. Suppose 3*w = 5*l + n*w - 23, -4*l + 3*w = 0. What are the prime factors of c(l)?
23
Suppose g - 46121 = 5*p, -698*p - 92230 = -2*g - 700*p. What are the prime factors of g?
2, 3, 7, 61
Let v(w) = 24*w**2 - 36*w + 72. List the prime factors of v(21).
2, 3, 5, 11
Suppose -23*z - 81*z + 480584 = 0. List the prime factors of z.
4621
Let s(q) = 131*q + 81. Let d be s(4). Let f = d - 414. List the prime factors of f.
191
Let g(s) = -11*s + 372. Let n be g(0). Let j = n - 33. List the prime factors of j.
3, 113
Let c(h) = -7064*h - 2090. List the prime factors of c(-7).
2, 3, 877
Suppose c - 2*c = 2*s + 7, s + 3*c - 4 = 0. Let r be (-1970)/55 - s/(165/(-6)). What are the prime factors of (-5)/((-15)/r)*(-40)/30?
2
List the prime factors of (-1010 - -1536)*167/2.
167, 263
List the prime factors of (-196)/980*2*-82085.
2, 16417
Let u(y) = 2*y**2 + 2*y + 6. Let g be u(0). Suppose -4*m + 2*s = -1580, 4*m - g*s - 1576 = -2*s. List the prime factors of m.
2, 3, 11
Suppose -52502*y = -52520*y + 585234. List the prime factors of y.
13, 41, 61
Suppose -6*z + 9*z - 36828 = 0. Suppose 11*u - z = -7*u. What are the prime factors of u?
2, 11, 31
Suppose -6 = 3*m - 15. Suppose -m*a = -3*j + 12, -9 = 5*j + 5*a + 11. Suppose -k = -3*c + 283, j = -4*c - 2*k - 66 + 430. List the prime factors of c.
3, 31
Let m = -39 + 43. Suppose 3*o = 3*d + 3, 0 = -3*o + d + 13 - m. Suppose -456 = -o*t - 92. List the prime factors of t.
7, 13
Suppose -a + 14 = 6*a. Suppose -252 = -a*s + 350. Suppose s = 2*o + 113. What are the prime factors of o?
2, 47
Let y be (-784)/14*(-1)/((-14)/60). Let u = -196 - y. List the prime factors of u.
2, 11
Let x = -2165 + 1532. Let d be 604/(-6)*(-10 - -1). Let q = d + x. List the prime factors of q.
3, 7, 13
Let u(a) = -8*a**2 + 28*a + 41. Let c be u(-11). Let n = -23 - c. What are the prime factors of n?
2, 3, 101
Let y(c) = 9*c + 54. Let r(t) = -16*t - 112. Let d(p) = -5*r(p) - 9*y(p). Let w be 0/((-2)/(-3)*3). List the prime factors of d(w).
2, 37
Let j = -158 - -168. Let b(l) = 4*l**2 - 11*l + 9. What are the prime factors of b(j)?
13, 23
Let x be (6 + -2)*(-519)/12. Let p be (-13995)/54 + (-2)/(-12). Let a = x - p. What are the prime factors of a?
2, 43
Suppose -8*c - 769 = 863. Suppose 4*a - 8 = 4*g, -g + 4*a - 2 = 5*a. List the prime factors of 3/15 + g + c/(-5).
3, 13
Suppose -173*t = -193*t + 317720. List the prime factors of t.
2, 13, 47
Let q(d) = -2*d**2 + 14*d - 1. Let i be q(6). Suppose 6*n - 35 = -i. Suppose -12*h + n*h + 208 = 0. What are the prime factors of h?
2, 13
Let r(y) = 48*y**3 + 3*y**2 - 6*y + 3. Let b be 12/8 - 3/(-6). What are the prime factors of r(b)?
3, 43
List the prime factors of (328/246)/((-3)/18) + 1 + 49943.
2, 3121
Suppose -70*m - 72 = -62*m. What are the prime factors of (-124)/3*(m + -9)?
2, 3, 31
Suppose 16 + 2 = 2*d. Suppose -1 = 4*z - d. List the prime factors of ((-41)/2 - 2)/(z/(-20)).
3, 5
Let t(w) be the second derivative of w**4/6 - 4*w**3/3 - 9*w**2 + 31*w. Let c be t(6). Suppose -c*m + 9*m = 135. List the prime factors of m.
3, 5
Let q be ((-22)/(-3) - 8)*(-18)/(-4). Let v be (q/(-6)*3)/(6/12). Suppose -600 + 204 = -v*c. What are the prime factors of c?
2, 3, 11
Suppose 0 = d + i + 43, -6*d